{"id":98,"date":"2018-11-24T15:05:42","date_gmt":"2018-11-24T14:05:42","guid":{"rendered":"http:\/\/degres-colores.com\/?page_id=98"},"modified":"2018-11-24T15:05:42","modified_gmt":"2018-11-24T14:05:42","slug":"tarifs","status":"publish","type":"page","link":"https:\/\/www.degres-colores.com\/?page_id=98","title":{"rendered":"Tarifs"},"content":{"rendered":"<div class=\"wp-block-image\">\n<figure class=\"alignleft size-large is-resized\"><img decoding=\"async\" src=\"http:\/\/www.degres-colores.com\/wp-content\/uploads\/2019\/12\/japanese-lucky-coin-cat-932261.jpg?w=1024\" alt=\"\" class=\"wp-image-1188\" style=\"width:352px;height:auto\" \/><\/figure>\n<\/div>\n\n<p><strong>Investissez-vous dans votre propre vie !<\/strong><\/p>\n<p>Une <strong>consultation Feng Shui<\/strong> se fait souvent une seule fois.<\/p>\n<p>Elle a un co\u00fbt et elle m\u00e9rite toute votre attention.<\/p>\n<p>\u00a0<\/p>\n<p><a href=\"http:\/\/degres-colores.com\/voyage-colore\/\"><strong>Voyage Color\u00e9<\/strong><\/a> : 120 CHF<\/p>\n<p><strong><a href=\"http:\/\/degres-colores.com\/bebe-colore\/\">B\u00e9b\u00e9 Color\u00e9<\/a>\u00a0<\/strong> : 200 CHF<\/p>\n<p><strong><a href=\"https:\/\/degres-colores.com\/ateliers-colores\/\">Atelier color\u00e9<\/a> : <\/strong>280 CHF<\/p>\n<p><strong><a href=\"http:\/\/degres-colores.com\/coaching-colore\/\">Coaching Color\u00e9<\/a>\u00a0<\/strong> : \u00e0 partir de 300 CHF<\/p>\n<p><strong><a href=\"http:\/\/degres-colores.com\/expertise-coloree\/\">Expertise Color\u00e9e<\/a><\/strong> : \u00e0 partir de 600 CHF<\/p>\n<p><strong><a href=\"http:\/\/degres-colores.com\/purification-coloree\/\">Purification Color\u00e9e<\/a><\/strong> : \u00e0 partir de 80 CHF<\/p>\n<p>La tarification peut varier en fonction du :<\/p>\n<ul>\n<li>Nombre de pi\u00e8ces<\/li>\n<li>Le nombre de niveaux<\/li>\n<li>Pr\u00e9sence d\u2019ext\u00e9rieurs (jardin, terrasse, etc.)<\/li>\n<li>Demandes sp\u00e9cifiques (implantation piscine,\u00a0 r\u00e9fection totale du logement, cr\u00e9ation de v\u00e9randa, etc.)<\/li>\n<\/ul>\n<p>Degr\u00e9s Color\u00e9s propose <a href=\"http:\/\/degres-colores.com\/services-colores\/\">ses services<\/a>\u00a0en Suisse romande, en Haute-Savoie et dans l&rsquo;Ain.<\/p>\n<p><strong>L\u2019analyse Feng Shui \u00e0 distance est effectu\u00e9e partout en Suisse comme \u00e0 l\u2019\u00e9tranger. <\/strong>C\u2019est la formule la plus pratique si vous habitez loin. Elle vous permet de b\u00e9n\u00e9ficier d&rsquo;une r\u00e9duction de 20% sur l&rsquo;ensemble des prestations <span class=\"st\">tout en gardant une pr\u00e9cision optimale. Les \u00e9changes se feront par t\u00e9l\u00e9phone ou par Skype. <\/span><\/p>\n<p class=\"has-text-align-justify\">Comme vous le savez peut-\u00eatre, rendre le Feng-Shui accessible \u00e0 tous est tr\u00e8s important pour moi. Si le prix des prestations est un probl\u00e8me pour vous, envoyez-moi un e-mail, on trouvera une solution !<\/p>","protected":false},"excerpt":{"rendered":"<p>Investissez-vous dans votre propre vie ! Une consultation Feng Shui se fait souvent une seule fois. Elle a un co\u00fbt et elle m\u00e9rite toute votre attention. \u00a0 Voyage Color\u00e9 : 120 CHF B\u00e9b\u00e9 Color\u00e9\u00a0 : 200 CHF Atelier color\u00e9 : 280 CHF Coaching Color\u00e9\u00a0 : \u00e0 partir de 300 CHF Expertise Color\u00e9e : \u00e0 partir [&hellip;]<\/p>\n","protected":false},"author":2,"featured_media":0,"parent":0,"menu_order":0,"comment_status":"closed","ping_status":"closed","template":"","meta":{"footnotes":""},"class_list":["post-98","page","type-page","status-publish","hentry"],"_links":{"self":[{"href":"https:\/\/www.degres-colores.com\/index.php?rest_route=\/wp\/v2\/pages\/98","targetHints":{"allow":["GET"]}}],"collection":[{"href":"https:\/\/www.degres-colores.com\/index.php?rest_route=\/wp\/v2\/pages"}],"about":[{"href":"https:\/\/www.degres-colores.com\/index.php?rest_route=\/wp\/v2\/types\/page"}],"author":[{"embeddable":true,"href":"https:\/\/www.degres-colores.com\/index.php?rest_route=\/wp\/v2\/users\/2"}],"replies":[{"embeddable":true,"href":"https:\/\/www.degres-colores.com\/index.php?rest_route=%2Fwp%2Fv2%2Fcomments&post=98"}],"version-history":[{"count":0,"href":"https:\/\/www.degres-colores.com\/index.php?rest_route=\/wp\/v2\/pages\/98\/revisions"}],"wp:attachment":[{"href":"https:\/\/www.degres-colores.com\/index.php?rest_route=%2Fwp%2Fv2%2Fmedia&parent=98"}],"curies":[{"name":"wp","href":"https:\/\/api.w.org\/{rel}","templated":true}]}}