{"id":203,"date":"2018-12-18T10:21:33","date_gmt":"2018-12-18T09:21:33","guid":{"rendered":"https:\/\/degrescolores.wordpress.com\/?page_id=203"},"modified":"2018-12-18T10:21:33","modified_gmt":"2018-12-18T09:21:33","slug":"services-colores","status":"publish","type":"page","link":"https:\/\/www.degres-colores.com\/?page_id=203","title":{"rendered":"Services Color\u00e9s"},"content":{"rendered":"\n<figure class=\"wp-block-image size-large\"><img loading=\"lazy\" decoding=\"async\" width=\"1920\" height=\"1271\" src=\"http:\/\/www.degres-colores.com\/wp-content\/uploads\/2019\/12\/light-4347186_1920.jpg?w=720\" alt=\"\" class=\"wp-image-1138\" srcset=\"https:\/\/www.degres-colores.com\/wp-content\/uploads\/2019\/12\/light-4347186_1920.jpg 1920w, https:\/\/www.degres-colores.com\/wp-content\/uploads\/2019\/12\/light-4347186_1920-300x199.jpg 300w, https:\/\/www.degres-colores.com\/wp-content\/uploads\/2019\/12\/light-4347186_1920-768x508.jpg 768w, https:\/\/www.degres-colores.com\/wp-content\/uploads\/2019\/12\/light-4347186_1920-1024x678.jpg 1024w, https:\/\/www.degres-colores.com\/wp-content\/uploads\/2019\/12\/light-4347186_1920-1536x1017.jpg 1536w\" sizes=\"auto, (max-width: 1920px) 100vw, 1920px\" \/><\/figure>\n\n\n\n<ul class=\"has-text-align-justify wp-block-list\">\n<li> <strong>Excellent rapport qualit\u00e9-prix\u00a0<\/strong>: vous payez le prix juste pour l\u2019exp\u00e9rience, le temps, les connaissances et l\u2019\u00e9nergie que Degr\u00e9s Color\u00e9s y met. Ce sont des prestations qui peuvent \u00eatre r\u00e9alis\u00e9es 7\/7. C\u2019est surtout vous qui en tirerez de grands b\u00e9n\u00e9fices\u00a0: s\u00e9r\u00e9nit\u00e9, confiance, paix, joie et autres valeurs non monnayables qui rentabilisent au centuple l\u2019investissement que vous ferez. D\u00e9couvrez vite la palette des services Degr\u00e9s Color\u00e9s.<\/li>\n<\/ul>\n\n\n\n<ul class=\"has-text-align-justify wp-block-list\">\n<li><strong>Un esprit jeune et relationnel<\/strong>\u00a0: de nature franche, dynamique et joviale, la collaboration est toujours tr\u00e8s sympathique.<\/li>\n<\/ul>\n\n\n\n<ul class=\"has-text-align-justify wp-block-list\">\n<li><strong>Feng Shui mais pas que<\/strong>\u00a0: le Feng Shui offre un panel de techniques tr\u00e8s large. En plus des multiples conseils Feng Shui, Degr\u00e9s Color\u00e9s vous propose des conseils en rangement et am\u00e9nagement de l&rsquo;habitat car Degr\u00e9s Color\u00e9s est convaincue que ces domaines compl\u00e9mentaires vous aideront \u00e0 vous sentir encore mieux dans vos espaces. Degr\u00e9s Color\u00e9s sera heureuse de vous conseiller de bonnes adresses pour des coaching home detox, du Reiki et pleins d&rsquo;autres services si besoin.<\/li>\n<\/ul>\n\n\n\n<ul class=\"has-text-align-justify wp-block-list\">\n<li><strong>Une approche humaniste\u00a0<\/strong>: en faisant appel \u00e0 Degr\u00e9s Color\u00e9s, vous vous rendrez vite compte que votre bien-\u00eatre est au centre de ses pr\u00e9occupations et que chaque client est unique.<\/li>\n<\/ul>\n\n\n\n<ul class=\"has-text-align-justify wp-block-list\">\n<li><strong>Des petites attentions :<\/strong> Degr\u00e9s Color\u00e9s vous accompagne pour un suivi dans le temps, afin de mesurer les effets et l\u2019atteinte de vos objectifs. Le partage des connaissances est \u00e9galement essentiel pour Degr\u00e9s Color\u00e9s qui r\u00e9pondra \u00e0 toutes vos questions avec g\u00e9n\u00e9rosit\u00e9. Vous verrez que je ne suis pas une adepte de la r\u00e9tention d&rsquo;information&#8230; J&rsquo;adore parler et transmettre mon savoir ! <\/li>\n<\/ul>\n\n\n\n<p>&nbsp;NB : La pratique du Feng Shui ne remplace ni la m\u00e9decine, ni la psychanalyse, ni les services d&rsquo;un architecte ou d&rsquo;un d\u00e9corateur. Elle vise simplement \u00e0 apporter un confort de vie par l&rsquo;harmonisation des \u00e9nergies dans les lieux de vie.<\/p>\n","protected":false},"excerpt":{"rendered":"<p>&nbsp;NB : La pratique du Feng Shui ne remplace ni la m\u00e9decine, ni la psychanalyse, ni les services d&rsquo;un architecte ou d&rsquo;un d\u00e9corateur. Elle vise simplement \u00e0 apporter un confort de vie par l&rsquo;harmonisation des \u00e9nergies dans les lieux de vie.<\/p>\n","protected":false},"author":2,"featured_media":0,"parent":0,"menu_order":0,"comment_status":"closed","ping_status":"closed","template":"","meta":{"footnotes":""},"class_list":["post-203","page","type-page","status-publish","hentry"],"_links":{"self":[{"href":"https:\/\/www.degres-colores.com\/index.php?rest_route=\/wp\/v2\/pages\/203","targetHints":{"allow":["GET"]}}],"collection":[{"href":"https:\/\/www.degres-colores.com\/index.php?rest_route=\/wp\/v2\/pages"}],"about":[{"href":"https:\/\/www.degres-colores.com\/index.php?rest_route=\/wp\/v2\/types\/page"}],"author":[{"embeddable":true,"href":"https:\/\/www.degres-colores.com\/index.php?rest_route=\/wp\/v2\/users\/2"}],"replies":[{"embeddable":true,"href":"https:\/\/www.degres-colores.com\/index.php?rest_route=%2Fwp%2Fv2%2Fcomments&post=203"}],"version-history":[{"count":0,"href":"https:\/\/www.degres-colores.com\/index.php?rest_route=\/wp\/v2\/pages\/203\/revisions"}],"wp:attachment":[{"href":"https:\/\/www.degres-colores.com\/index.php?rest_route=%2Fwp%2Fv2%2Fmedia&parent=203"}],"curies":[{"name":"wp","href":"https:\/\/api.w.org\/{rel}","templated":true}]}}